{"id":64,"date":"2018-11-09T14:09:14","date_gmt":"2018-11-09T13:09:14","guid":{"rendered":"https:\/\/www.mcmuffin.de\/?page_id=64"},"modified":"2025-01-29T14:06:53","modified_gmt":"2025-01-29T13:06:53","slug":"fraesbuchstaben","status":"publish","type":"page","link":"https:\/\/www.mcmuffin.de\/index.php\/fraesbuchstaben\/","title":{"rendered":"Fr\u00e4sbuchstaben, erhaben, edel"},"content":{"rendered":"<p>[et_pb_section fb_built=&#8220;1&#8243; custom_padding_last_edited=&#8220;on|desktop&#8220; next_background_color=&#8220;#005E89&#8243; admin_label=&#8220;Hero&#8220; _builder_version=&#8220;4.27.3&#8243; use_background_color_gradient=&#8220;on&#8220; background_color_gradient_stops=&#8220;rgba(0,94,137,0.86) 0%|rgba(0,0,0,0.47) 100%&#8220; background_color_gradient_overlays_image=&#8220;on&#8220; background_color_gradient_start=&#8220;rgba(0,94,137,0.87)&#8220; background_color_gradient_end=&#8220;rgba(0,36,76,0.74)&#8220; background_image=&#8220;https:\/\/www.mcmuffin.de\/wp-content\/uploads\/2024\/10\/Schild-konturgefraest.jpg&#8220; module_alignment=&#8220;center&#8220; custom_margin_tablet=&#8220;&#8220; custom_margin_phone=&#8220;&#8220; custom_margin_last_edited=&#8220;on|desktop&#8220; custom_padding=&#8220;20px||92px||false|false&#8220; custom_padding_tablet=&#8220;&#8220; custom_padding_phone=&#8220;&#8220; bottom_divider_style=&#8220;ramp2&#8243; bottom_divider_height=&#8220;159px&#8220; bottom_divider_repeat=&#8220;1x&#8220; bottom_divider_flip=&#8220;horizontal&#8220; animation_style=&#8220;zoom&#8220; animation_intensity_zoom=&#8220;4%&#8220; global_colors_info=&#8220;{}&#8220;][et_pb_row custom_padding_last_edited=&#8220;on|desktop&#8220; _builder_version=&#8220;4.16&#8243; background_size=&#8220;initial&#8220; background_position=&#8220;top_left&#8220; background_repeat=&#8220;repeat&#8220; module_alignment=&#8220;center&#8220; custom_margin=&#8220;|||auto|false|false&#8220; custom_margin_tablet=&#8220;&#8220; custom_margin_phone=&#8220;&#8220; custom_margin_last_edited=&#8220;on|desktop&#8220; custom_padding_tablet=&#8220;&#8220; custom_padding_phone=&#8220;&#8220; animation_style=&#8220;slide&#8220; animation_direction=&#8220;top&#8220; animation_intensity_slide=&#8220;3%&#8220; global_colors_info=&#8220;{}&#8220;][et_pb_column type=&#8220;4_4&#8243; _builder_version=&#8220;4.16&#8243; custom_padding=&#8220;|||&#8220; global_colors_info=&#8220;{}&#8220; custom_padding__hover=&#8220;|||&#8220;][et_pb_text content_tablet=&#8220;<\/p>\n<h3>Flexdruck | Siebdruck | Transfertdruck<\/h3>\n<p>&#8220; content_phone=&#8220;<\/p>\n<h3>Flexdruck | Siebdruck | Transfertdruck<\/h3>\n<p>&#8220; content_last_edited=&#8220;on|phone&#8220; _builder_version=&#8220;4.16&#8243; text_font=&#8220;Montserrat|500|||||||&#8220; text_text_color=&#8220;#f7f7f7&#8243; header_3_font=&#8220;Montserrat|600||on|||||&#8220; header_3_line_height=&#8220;1.4em&#8220; custom_margin=&#8220;|||&#8220; header_3_font_tablet=&#8220;&#8220; header_3_font_phone=&#8220;&#8220; header_3_font_last_edited=&#8220;on|desktop&#8220; header_3_font_size_tablet=&#8220;&#8220; header_3_font_size_phone=&#8220;&#8220; header_3_font_size_last_edited=&#8220;on|desktop&#8220; locked=&#8220;off&#8220; global_colors_info=&#8220;{}&#8220;]<\/p>\n<h3>Flexdruck | Siebdruck | Transfertdruck<\/h3>\n<p>[\/et_pb_text][et_pb_text admin_label=&#8220;Text&#8220; _builder_version=&#8220;4.27.4&#8243; text_text_color=&#8220;#000000&#8243; header_2_font=&#8220;|700||on|||||&#8220; header_2_text_color=&#8220;#000000&#8243; header_2_font_size=&#8220;23px&#8220; hover_enabled=&#8220;0&#8243; locked=&#8220;off&#8220; global_colors_info=&#8220;{}&#8220; header_font=&#8220;|700|||||||&#8220; header_font_size=&#8220;4em&#8220; sticky_enabled=&#8220;0&#8243;]<\/p>\n<h1 style=\"text-align: left;\"><strong>Fr\u00e4sbuchstaben<\/strong><\/h1>\n<figure><figcaption><\/figcaption><\/figure>\n<p>[\/et_pb_text][et_pb_text admin_label=&#8220;Text&#8220; _builder_version=&#8220;4.27.4&#8243; text_font=&#8220;Montserrat|500|||||||&#8220; text_text_color=&#8220;#FFFFFF&#8220; text_font_size=&#8220;19px&#8220; header_2_font=&#8220;|700||on|||||&#8220; header_2_text_color=&#8220;#FFFFFF&#8220; custom_padding=&#8220;||2px|||&#8220; hover_enabled=&#8220;0&#8243; locked=&#8220;off&#8220; global_colors_info=&#8220;{}&#8220; sticky_enabled=&#8220;0&#8243; text_line_height=&#8220;1.6em&#8220;]<\/p>\n<h2 style=\"text-align: left;\">Fr\u00e4sbuchstaben:<br \/>Buchstaben, Logos und Piktogrammme<br \/>f\u00fcr Schilder und Fassadenwerbung<\/h2>\n<p style=\"text-align: left;\" align=\"justify\"><strong><br \/>Ja, da gehe ich hin.<\/strong><br \/>Ein gutes Gef\u00fchl, wenn Ihre Kunden sich nicht scheuen zu sagen wo sie hin gehen. Dazu geh\u00f6rt eine seri\u00f6se Aussendarstellung, die man mit Fr\u00e4sbuchstaben verst\u00e4rken kann.<\/p>\n<figure><figcaption><\/figcaption><\/figure>\n<p>[\/et_pb_text][\/et_pb_column][\/et_pb_row][\/et_pb_section][et_pb_section fb_built=&#8220;1&#8243; admin_label=&#8220;section&#8220; _builder_version=&#8220;4.27.2&#8243; background_color=&#8220;#005E89&#8243; module_alignment=&#8220;center&#8220; global_colors_info=&#8220;{}&#8220;][et_pb_row column_structure=&#8220;2_3,1_3&#8243; admin_label=&#8220;row&#8220; _builder_version=&#8220;4.27.2&#8243; background_size=&#8220;initial&#8220; background_position=&#8220;top_left&#8220; background_repeat=&#8220;repeat&#8220; width=&#8220;90%&#8220; module_alignment=&#8220;center&#8220; global_colors_info=&#8220;{}&#8220;][et_pb_column type=&#8220;2_3&#8243; _builder_version=&#8220;4.16&#8243; custom_padding=&#8220;|||&#8220; global_colors_info=&#8220;{}&#8220; custom_padding__hover=&#8220;|||&#8220;][et_pb_text admin_label=&#8220;Text&#8220; _builder_version=&#8220;4.27.2&#8243; text_font=&#8220;Montserrat|500|||||||&#8220; text_text_color=&#8220;#FFFFFF&#8220; header_2_font=&#8220;|700||on|||||&#8220; header_2_text_color=&#8220;#000000&#8243; header_2_font_size=&#8220;23px&#8220; custom_padding=&#8220;||9px|||&#8220; global_colors_info=&#8220;{}&#8220;]<\/p>\n<p style=\"text-align: left;\" align=\"justify\"><strong style=\"font-size: 16px;\">3D CNC Buchstaben oder 3D Werbung\u00a0<\/strong><span style=\"font-size: 16px;\">in Form von Fr\u00e4sbuchstaben oder gefr\u00e4sten Logos kommt bei der modernen Werbung immer mehr zum Tragen. Was unsere europ\u00e4ischen Nachbarn oder gar die Amerikaner als Standard ansehen h\u00e4lt auch in Deutschland langsam Einzug. Werbungen mit erhabenen Buchstaben oder Grafiken wirken einfach edler als die gew\u00f6hnliche Beschriftung mit Folie. Wir sprechen hier von &#8222;Werbung zum Anfassen&#8220;. Werden dann noch verschiedene Materialien kombiniert, entstehen mit einfachen Mitteln aufregende\u00a0<\/span><strong style=\"font-size: 16px;\">Werbeschilder\u00a0<\/strong><span style=\"font-size: 16px;\">oder\u00a0<\/span><strong style=\"font-size: 16px;\">Fassadenwerbung<\/strong><span style=\"font-size: 16px;\">. Wir fr\u00e4sen CNC Buchstaben und Logos in die unterschiedlichsten Materialien. Holz, Acryl, Hartschaum, Aluminium, Aluverbundplatten (z.B. Dibond, im Volksmund auch Aludibond) und diverse mineralische Werkstoffe werden mittels\u00a0<\/span><strong style=\"font-size: 16px;\">CNC Fr\u00e4smaschine\u00a0<\/strong><span style=\"font-size: 16px;\">bearbeitet. Alle Teile k\u00f6nnen auch zur Montage vorbereitet werden. Als Hersteller haben wir die M\u00f6glichkeit flexibel auf Ihre Bed\u00fcrfnisse zu reagieren.<\/span><\/p>\n<p style=\"text-align: left;\" align=\"justify\">Viele Projekte sind bereits mit unseren Fr\u00e4sbuchstaben umgesetzt worden. Unser KnowHow und die Kenntnis im Umgang vieler Materialien trifft genau die Anforderungen unserer Zeit. Alle Auftr\u00e4ge werden gewissenhaft ausgef\u00fchrt. Eine sp\u00e4tere Qualit\u00e4tskontrolle stallt sicher, da\u00df Sie auch bekommen was Sie bestellen. 3D Buchstaben zu fertigen ist eben mehr als eine Maschine und ein St\u00fcck Material.<\/p>\n<p style=\"text-align: left;\" align=\"justify\">Es ist erstaunlich, was man alles mit 3D Buchstaben umsetzen kann. Neben der klassischen Aussenwerbung werden diese Buchstaben und Logos auch als Deco Artikel immer beliebter.<\/p>\n<p>[\/et_pb_text][et_pb_text _builder_version=&#8220;4.27.2&#8243; _module_preset=&#8220;default&#8220; global_colors_info=&#8220;{}&#8220;]<\/p>\n<p><strong>Wir fr\u00e4sen selbst.\u00a0<\/strong><\/p>\n<p>[\/et_pb_text][\/et_pb_column][et_pb_column type=&#8220;1_3&#8243; _builder_version=&#8220;4.16&#8243; custom_padding=&#8220;|||&#8220; global_colors_info=&#8220;{}&#8220; custom_padding__hover=&#8220;|||&#8220;][et_pb_text admin_label=&#8220;Text&#8220; _builder_version=&#8220;4.27.4&#8243; text_font=&#8220;Montserrat|700|||||||&#8220; text_text_color=&#8220;#FFFFFF&#8220; text_font_size=&#8220;23px&#8220; header_2_font=&#8220;|700||on|||||&#8220; header_2_text_color=&#8220;#000000&#8243; header_2_font_size=&#8220;23px&#8220; header_3_font=&#8220;Montserrat|700||on|||||&#8220; header_3_font_size=&#8220;27px&#8220; header_3_line_height=&#8220;1.5em&#8220; background_color=&#8220;rgba(255,255,255,0.3)&#8220; custom_padding=&#8220;20px|20px|21px|20px|false|false&#8220; hover_enabled=&#8220;0&#8243; border_radii=&#8220;on|20px|20px|20px|20px&#8220; border_color_left=&#8220;#FFFFFF&#8220; box_shadow_style=&#8220;preset1&#8243; box_shadow_blur=&#8220;56px&#8220; box_shadow_spread=&#8220;11px&#8220; global_colors_info=&#8220;{}&#8220; text_line_height=&#8220;1.6em&#8220; sticky_enabled=&#8220;0&#8243;]<\/p>\n<h3>3 Gr\u00fcnde<br \/>f\u00fcr erhabene Werbung<\/h3>\n<p>\u2022 wertige<br \/>\u00a0 Ausstrah\u00adlung<br \/>\u2022 auff\u00e4llig<br \/>\u2022 seri\u00f6s<\/p>\n<p>[\/et_pb_text][\/et_pb_column][\/et_pb_row][\/et_pb_section]<\/p>\n","protected":false},"excerpt":{"rendered":"<p>Flexdruck | Siebdruck | TransfertdruckFr\u00e4sbuchstaben Fr\u00e4sbuchstaben:Buchstaben, Logos und Piktogrammmef\u00fcr Schilder und Fassadenwerbung Ja, da gehe ich hin.Ein gutes Gef\u00fchl, wenn Ihre Kunden sich nicht scheuen zu sagen wo sie hin gehen. Dazu geh\u00f6rt eine seri\u00f6se Aussendarstellung, die man mit Fr\u00e4sbuchstaben verst\u00e4rken kann. 3D CNC Buchstaben oder 3D Werbung\u00a0in Form von Fr\u00e4sbuchstaben oder gefr\u00e4sten Logos kommt [&hellip;]<\/p>\n","protected":false},"author":1,"featured_media":144,"parent":0,"menu_order":0,"comment_status":"closed","ping_status":"closed","template":"","meta":{"_et_pb_use_builder":"on","_et_pb_old_content":"<h1 style=\"text-align: left;\"><strong>Fr\u00e4sbuchstaben<\/strong><\/h1><h2 style=\"text-align: left;\">Buchstaben, Logos und Piktogrammme f\u00fcr Schilder und Fassadenwerbung<\/h2><p style=\"text-align: left;\" align=\"justify\"><strong>Ja, da gehe ich hin.<\/strong> Ein gutes Gef\u00fchl, wenn Ihre Kunden sich nicht scheuen zu sagen wo sie hin gehen. Dazu geh\u00f6rt eine seri\u00f6se Aussendarstellung.<\/p><p style=\"text-align: left;\" align=\"justify\"><strong>3 Gr\u00fcnde f\u00fcr erhabene Werbung<br \/><\/strong>\u2022 wertige Ausstrahlung<br \/>\u2022 auff\u00e4llig<br \/>\u2022 seri\u00f6s<\/p><p style=\"text-align: left;\" align=\"justify\"><strong>3D CNC Buchstaben oder 3D Werbung\u00a0<\/strong>in Form von Fr\u00e4sbuchstaben oder gefr\u00e4sten Logos kommt bei der modernen Werbung immer mehr zum Tragen. Was unsere europ\u00e4ischen Nachbarn oder gar die Amerikaner als Standard ansehen h\u00e4lt auch in Deutschland langsam Einzug. Werbungen mit erhabenen Buchstaben oder Grafiken wirken einfach edler als die gew\u00f6hnliche Beschriftung mit Folie. Wir sprechen hier von \"Werbung zum Anfassen\". Werden dann noch verschiedene Materialien kombiniert, entstehen mit einfachen Mitteln aufregende\u00a0<strong>Werbeschilder\u00a0<\/strong>oder\u00a0<strong>Fassadenwerbung<\/strong>. Wir fr\u00e4sen CNC Buchstaben und Logos in die unterschiedlichsten Materialien. Holz, Acryl, Hartschaum, Aluminium, Aluverbundplatten (z.B. Dibond, im Volksmund auch Aludibond) und diverse mineralische Werkstoffe werden mittels\u00a0<strong>CNC Fr\u00e4smaschine\u00a0<\/strong>bearbeitet. Alle Teile k\u00f6nnen auch zur Montage vorbereitet werden. Als Hersteller haben wir die M\u00f6glichkeit flexibel auf Ihre Bed\u00fcrfnisse zu reagieren.<\/p><p style=\"text-align: left;\" align=\"justify\">Viele Projekte sind bereits mit unseren Fr\u00e4sbuchstaben umgesetzt worden. Unser KnowHow und die Kenntnis im Umgang vieler Materialien trifft genau die Anforderungen unserer Zeit. Alle Auftr\u00e4ge werden gewissenhaft ausgef\u00fchrt. Eine sp\u00e4tere Qualit\u00e4tskontrolle stallt sicher, da\u00df Sie auch bekommen was Sie bestellen. 3D Buchstaben zu fertigen ist eben mehr als eine Maschine und ein St\u00fcck Material.<\/p><p style=\"text-align: left;\" align=\"justify\">Es ist erstaunlich, was man alles mit 3D Buchstaben umsetzen kann. Neben der klassischen Aussenwerbung werden diese Buchstaben und Logos auch als Deco Artikel immer beliebter.<\/p><p style=\"text-align: left;\" align=\"justify\"><strong>Wir fr\u00e4sen selbst.\u00a0<\/strong><\/p>\t\t\n\t\t\t\t\t\t\t<figure>\n\t\t\t\t\t\t\t\t\t\t<img width=\"540\" height=\"405\" src=\"https:\/\/xneuy.mcmuffin.de\/wp-content\/uploads\/2020\/03\/Buchstaben-Plexiglas-1024x768.jpg\" alt=\"Buchstaben aus Plexiglas | Kontur gefr\u00e4st. Alternativ w\u00e4re auch laserschneiden m\u00f6glich\" srcset=\"https:\/\/xneuy.mcmuffin.de\/wp-content\/uploads\/2020\/03\/Buchstaben-Plexiglas-1024x768.jpg 1024w, https:\/\/xneuy.mcmuffin.de\/wp-content\/uploads\/2020\/03\/Buchstaben-Plexiglas-300x225.jpg 300w, https:\/\/xneuy.mcmuffin.de\/wp-content\/uploads\/2020\/03\/Buchstaben-Plexiglas-768x576.jpg 768w, https:\/\/xneuy.mcmuffin.de\/wp-content\/uploads\/2020\/03\/Buchstaben-Plexiglas.jpg 1500w\" sizes=\"(max-width: 540px) 100vw, 540px\" \/>\t\t\t\t\t\t\t\t\t\t\t<figcaption>3D Buchstaben aus Plexiglas WM51. speziell f\u00fcr LED Beleuchtung<\/figcaption>\n\t\t\t\t\t\t\t\t\t\t<\/figure>","_et_gb_content_width":"","footnotes":""},"class_list":["post-64","page","type-page","status-publish","has-post-thumbnail","hentry"],"yoast_head":"<!-- This site is optimized with the Yoast SEO plugin v26.6 - https:\/\/yoast.com\/wordpress\/plugins\/seo\/ -->\n<title>Fr\u00e4sbuchstaben, erhaben, edel - gerhardts Werbung Remscheid<\/title>\n<meta name=\"description\" content=\"Seri\u00f6ses Auftreten | Seine Kunden ernst nehmen | Werte vermitteln | Fr\u00e4sbuchstaben - 3D Buchstaben f\u00fcr Werbung nutzen | Weiterempfehlungen sichern\" \/>\n<meta name=\"robots\" content=\"index, follow, max-snippet:-1, max-image-preview:large, max-video-preview:-1\" \/>\n<link rel=\"canonical\" href=\"https:\/\/www.mcmuffin.de\/index.php\/fraesbuchstaben\/\" \/>\n<meta property=\"og:locale\" content=\"de_DE\" \/>\n<meta property=\"og:type\" content=\"article\" \/>\n<meta property=\"og:title\" content=\"Fr\u00e4sbuchstaben, erhaben, edel - gerhardts Werbung Remscheid\" \/>\n<meta property=\"og:description\" content=\"Seri\u00f6ses Auftreten | Seine Kunden ernst nehmen | Werte vermitteln | Fr\u00e4sbuchstaben - 3D Buchstaben f\u00fcr Werbung nutzen | Weiterempfehlungen sichern\" \/>\n<meta property=\"og:url\" content=\"https:\/\/www.mcmuffin.de\/index.php\/fraesbuchstaben\/\" \/>\n<meta property=\"og:site_name\" content=\"gerhardts Werbung\" \/>\n<meta property=\"article:modified_time\" content=\"2025-01-29T13:06:53+00:00\" \/>\n<meta property=\"og:image\" content=\"https:\/\/www.mcmuffin.de\/wp-content\/uploads\/2020\/03\/3D-Buchstaben-Fraesbuchstaben-e1583763911955.jpg\" \/>\n\t<meta property=\"og:image:width\" content=\"1980\" \/>\n\t<meta property=\"og:image:height\" content=\"1190\" \/>\n\t<meta property=\"og:image:type\" content=\"image\/jpeg\" \/>\n<meta name=\"twitter:card\" content=\"summary_large_image\" \/>\n<meta name=\"twitter:label1\" content=\"Gesch\u00e4tzte Lesezeit\" \/>\n\t<meta name=\"twitter:data1\" content=\"4\u00a0Minuten\" \/>\n<script type=\"application\/ld+json\" class=\"yoast-schema-graph\">{\"@context\":\"https:\/\/schema.org\",\"@graph\":[{\"@type\":\"WebPage\",\"@id\":\"https:\/\/www.mcmuffin.de\/index.php\/fraesbuchstaben\/\",\"url\":\"https:\/\/www.mcmuffin.de\/index.php\/fraesbuchstaben\/\",\"name\":\"Fr\u00e4sbuchstaben, erhaben, edel - gerhardts Werbung Remscheid\",\"isPartOf\":{\"@id\":\"https:\/\/www.mcmuffin.de\/#website\"},\"primaryImageOfPage\":{\"@id\":\"https:\/\/www.mcmuffin.de\/index.php\/fraesbuchstaben\/#primaryimage\"},\"image\":{\"@id\":\"https:\/\/www.mcmuffin.de\/index.php\/fraesbuchstaben\/#primaryimage\"},\"thumbnailUrl\":\"https:\/\/www.mcmuffin.de\/wp-content\/uploads\/2020\/03\/3D-Buchstaben-Fraesbuchstaben-e1583763911955.jpg\",\"datePublished\":\"2018-11-09T13:09:14+00:00\",\"dateModified\":\"2025-01-29T13:06:53+00:00\",\"description\":\"Seri\u00f6ses Auftreten | Seine Kunden ernst nehmen | Werte vermitteln | Fr\u00e4sbuchstaben - 3D Buchstaben f\u00fcr Werbung nutzen | Weiterempfehlungen sichern\",\"breadcrumb\":{\"@id\":\"https:\/\/www.mcmuffin.de\/index.php\/fraesbuchstaben\/#breadcrumb\"},\"inLanguage\":\"de\",\"potentialAction\":[{\"@type\":\"ReadAction\",\"target\":[\"https:\/\/www.mcmuffin.de\/index.php\/fraesbuchstaben\/\"]}]},{\"@type\":\"ImageObject\",\"inLanguage\":\"de\",\"@id\":\"https:\/\/www.mcmuffin.de\/index.php\/fraesbuchstaben\/#primaryimage\",\"url\":\"https:\/\/www.mcmuffin.de\/wp-content\/uploads\/2020\/03\/3D-Buchstaben-Fraesbuchstaben-e1583763911955.jpg\",\"contentUrl\":\"https:\/\/www.mcmuffin.de\/wp-content\/uploads\/2020\/03\/3D-Buchstaben-Fraesbuchstaben-e1583763911955.jpg\",\"width\":1980,\"height\":1190,\"caption\":\"Fr\u00e4sbuchstaben aus PVC Schaum vor der Weiterverarbeitung. Ideale Grundlage f\u00fcr wetterfeste 3D Werbung\"},{\"@type\":\"BreadcrumbList\",\"@id\":\"https:\/\/www.mcmuffin.de\/index.php\/fraesbuchstaben\/#breadcrumb\",\"itemListElement\":[{\"@type\":\"ListItem\",\"position\":1,\"name\":\"Startseite\",\"item\":\"https:\/\/www.mcmuffin.de\/\"},{\"@type\":\"ListItem\",\"position\":2,\"name\":\"Fr\u00e4sbuchstaben, erhaben, edel\"}]},{\"@type\":\"WebSite\",\"@id\":\"https:\/\/www.mcmuffin.de\/#website\",\"url\":\"https:\/\/www.mcmuffin.de\/\",\"name\":\"gerhardts Werbung\",\"description\":\"Deine Vision sichtbar\",\"publisher\":{\"@id\":\"https:\/\/www.mcmuffin.de\/#organization\"},\"potentialAction\":[{\"@type\":\"SearchAction\",\"target\":{\"@type\":\"EntryPoint\",\"urlTemplate\":\"https:\/\/www.mcmuffin.de\/?s={search_term_string}\"},\"query-input\":{\"@type\":\"PropertyValueSpecification\",\"valueRequired\":true,\"valueName\":\"search_term_string\"}}],\"inLanguage\":\"de\"},{\"@type\":\"Organization\",\"@id\":\"https:\/\/www.mcmuffin.de\/#organization\",\"name\":\"gerhardts Werbung\",\"url\":\"https:\/\/www.mcmuffin.de\/\",\"logo\":{\"@type\":\"ImageObject\",\"inLanguage\":\"de\",\"@id\":\"https:\/\/www.mcmuffin.de\/#\/schema\/logo\/image\/\",\"url\":\"https:\/\/www.mcmuffin.de\/wp-content\/uploads\/2020\/03\/Nie-ohne-mein-Angebot3.png\",\"contentUrl\":\"https:\/\/www.mcmuffin.de\/wp-content\/uploads\/2020\/03\/Nie-ohne-mein-Angebot3.png\",\"width\":648,\"height\":294,\"caption\":\"gerhardts Werbung\"},\"image\":{\"@id\":\"https:\/\/www.mcmuffin.de\/#\/schema\/logo\/image\/\"}}]}<\/script>\n<!-- \/ Yoast SEO plugin. -->","yoast_head_json":{"title":"Fr\u00e4sbuchstaben, erhaben, edel - gerhardts Werbung Remscheid","description":"Seri\u00f6ses Auftreten | Seine Kunden ernst nehmen | Werte vermitteln | Fr\u00e4sbuchstaben - 3D Buchstaben f\u00fcr Werbung nutzen | Weiterempfehlungen sichern","robots":{"index":"index","follow":"follow","max-snippet":"max-snippet:-1","max-image-preview":"max-image-preview:large","max-video-preview":"max-video-preview:-1"},"canonical":"https:\/\/www.mcmuffin.de\/index.php\/fraesbuchstaben\/","og_locale":"de_DE","og_type":"article","og_title":"Fr\u00e4sbuchstaben, erhaben, edel - gerhardts Werbung Remscheid","og_description":"Seri\u00f6ses Auftreten | Seine Kunden ernst nehmen | Werte vermitteln | Fr\u00e4sbuchstaben - 3D Buchstaben f\u00fcr Werbung nutzen | Weiterempfehlungen sichern","og_url":"https:\/\/www.mcmuffin.de\/index.php\/fraesbuchstaben\/","og_site_name":"gerhardts Werbung","article_modified_time":"2025-01-29T13:06:53+00:00","og_image":[{"width":1980,"height":1190,"url":"https:\/\/www.mcmuffin.de\/wp-content\/uploads\/2020\/03\/3D-Buchstaben-Fraesbuchstaben-e1583763911955.jpg","type":"image\/jpeg"}],"twitter_card":"summary_large_image","twitter_misc":{"Gesch\u00e4tzte Lesezeit":"4\u00a0Minuten"},"schema":{"@context":"https:\/\/schema.org","@graph":[{"@type":"WebPage","@id":"https:\/\/www.mcmuffin.de\/index.php\/fraesbuchstaben\/","url":"https:\/\/www.mcmuffin.de\/index.php\/fraesbuchstaben\/","name":"Fr\u00e4sbuchstaben, erhaben, edel - gerhardts Werbung Remscheid","isPartOf":{"@id":"https:\/\/www.mcmuffin.de\/#website"},"primaryImageOfPage":{"@id":"https:\/\/www.mcmuffin.de\/index.php\/fraesbuchstaben\/#primaryimage"},"image":{"@id":"https:\/\/www.mcmuffin.de\/index.php\/fraesbuchstaben\/#primaryimage"},"thumbnailUrl":"https:\/\/www.mcmuffin.de\/wp-content\/uploads\/2020\/03\/3D-Buchstaben-Fraesbuchstaben-e1583763911955.jpg","datePublished":"2018-11-09T13:09:14+00:00","dateModified":"2025-01-29T13:06:53+00:00","description":"Seri\u00f6ses Auftreten | Seine Kunden ernst nehmen | Werte vermitteln | Fr\u00e4sbuchstaben - 3D Buchstaben f\u00fcr Werbung nutzen | Weiterempfehlungen sichern","breadcrumb":{"@id":"https:\/\/www.mcmuffin.de\/index.php\/fraesbuchstaben\/#breadcrumb"},"inLanguage":"de","potentialAction":[{"@type":"ReadAction","target":["https:\/\/www.mcmuffin.de\/index.php\/fraesbuchstaben\/"]}]},{"@type":"ImageObject","inLanguage":"de","@id":"https:\/\/www.mcmuffin.de\/index.php\/fraesbuchstaben\/#primaryimage","url":"https:\/\/www.mcmuffin.de\/wp-content\/uploads\/2020\/03\/3D-Buchstaben-Fraesbuchstaben-e1583763911955.jpg","contentUrl":"https:\/\/www.mcmuffin.de\/wp-content\/uploads\/2020\/03\/3D-Buchstaben-Fraesbuchstaben-e1583763911955.jpg","width":1980,"height":1190,"caption":"Fr\u00e4sbuchstaben aus PVC Schaum vor der Weiterverarbeitung. Ideale Grundlage f\u00fcr wetterfeste 3D Werbung"},{"@type":"BreadcrumbList","@id":"https:\/\/www.mcmuffin.de\/index.php\/fraesbuchstaben\/#breadcrumb","itemListElement":[{"@type":"ListItem","position":1,"name":"Startseite","item":"https:\/\/www.mcmuffin.de\/"},{"@type":"ListItem","position":2,"name":"Fr\u00e4sbuchstaben, erhaben, edel"}]},{"@type":"WebSite","@id":"https:\/\/www.mcmuffin.de\/#website","url":"https:\/\/www.mcmuffin.de\/","name":"gerhardts Werbung","description":"Deine Vision sichtbar","publisher":{"@id":"https:\/\/www.mcmuffin.de\/#organization"},"potentialAction":[{"@type":"SearchAction","target":{"@type":"EntryPoint","urlTemplate":"https:\/\/www.mcmuffin.de\/?s={search_term_string}"},"query-input":{"@type":"PropertyValueSpecification","valueRequired":true,"valueName":"search_term_string"}}],"inLanguage":"de"},{"@type":"Organization","@id":"https:\/\/www.mcmuffin.de\/#organization","name":"gerhardts Werbung","url":"https:\/\/www.mcmuffin.de\/","logo":{"@type":"ImageObject","inLanguage":"de","@id":"https:\/\/www.mcmuffin.de\/#\/schema\/logo\/image\/","url":"https:\/\/www.mcmuffin.de\/wp-content\/uploads\/2020\/03\/Nie-ohne-mein-Angebot3.png","contentUrl":"https:\/\/www.mcmuffin.de\/wp-content\/uploads\/2020\/03\/Nie-ohne-mein-Angebot3.png","width":648,"height":294,"caption":"gerhardts Werbung"},"image":{"@id":"https:\/\/www.mcmuffin.de\/#\/schema\/logo\/image\/"}}]}},"_links":{"self":[{"href":"https:\/\/www.mcmuffin.de\/index.php\/wp-json\/wp\/v2\/pages\/64","targetHints":{"allow":["GET"]}}],"collection":[{"href":"https:\/\/www.mcmuffin.de\/index.php\/wp-json\/wp\/v2\/pages"}],"about":[{"href":"https:\/\/www.mcmuffin.de\/index.php\/wp-json\/wp\/v2\/types\/page"}],"author":[{"embeddable":true,"href":"https:\/\/www.mcmuffin.de\/index.php\/wp-json\/wp\/v2\/users\/1"}],"replies":[{"embeddable":true,"href":"https:\/\/www.mcmuffin.de\/index.php\/wp-json\/wp\/v2\/comments?post=64"}],"version-history":[{"count":3,"href":"https:\/\/www.mcmuffin.de\/index.php\/wp-json\/wp\/v2\/pages\/64\/revisions"}],"predecessor-version":[{"id":3325,"href":"https:\/\/www.mcmuffin.de\/index.php\/wp-json\/wp\/v2\/pages\/64\/revisions\/3325"}],"wp:featuredmedia":[{"embeddable":true,"href":"https:\/\/www.mcmuffin.de\/index.php\/wp-json\/wp\/v2\/media\/144"}],"wp:attachment":[{"href":"https:\/\/www.mcmuffin.de\/index.php\/wp-json\/wp\/v2\/media?parent=64"}],"curies":[{"name":"wp","href":"https:\/\/api.w.org\/{rel}","templated":true}]}}